2 + 8*f - 3. What is the units digit of b(l)?
7
Suppose -4*p = 13 + 7, 3*j - p + 13 = 0. What is the hundreds digit of (-9)/j*-4 + 266?
2
Let t be (-10 - -3)*(10 - 8). What is the units digit of 6/t - (-38709)/63?
4
Let w = -33 + 35. What is the tens digit of w/7 - (-2340)/42?
5
Suppose 33 = 4*w + 145. Let n be 3/9 + 1/((-6)/w). Suppose -4*j - n*j = -1431. What is the hundreds digit of j?
1
Let p = 129 - 94. Let t = p - 80. What is the tens digit of -4 - 189/t - 1034/(-5)?
0
Let q(x) = x**3 - 7*x**2 + 5*x + 6. Let y be q(6). Suppose y = g + 7*g - 3536. What is the hundreds digit of g?
4
Suppose -6*v = -4*v - 132. Suppose 0 = -j + 39 - 20. Suppose 18*r - j*r = -v. What is the units digit of r?
6
Let z = -75 - -75. Suppose z = m - 97 - 197. Suppose 1158 - m = 6*t. What is the hundreds digit of t?
1
Suppose 1 = -15*a + 46. Suppose -2*i + 268 = a*g, 0 = -2*i + 5*i + 12. What is the tens digit of g?
9
Let g(m) = 2*m**2 + 6*m - 141. Suppose -j + 3*j - 5*v - 15 = 0, 3*v = -j + 13. What is the tens digit of g(j)?
1
Suppose -237138 = -3*z - 3*z - 3*d, -2*z = 2*d - 79046. What is the hundreds digit of z?
5
Suppose l + 191 = 2*l - 5*u, -4*l + 4*u + 780 = 0. What is the hundreds digit of (-9)/((-9)/l) + 9 + -14?
1
Suppose 4*k + 208 = -2*l, 10*l - 13*l = 3*k + 306. What is the units digit of -5*(-10)/l - (-862)/4?
5
Let l be 10 + -4 + 1 + 0. Suppose 0 = 6*i - l*i + 6. Let p(q) = q**2 + 7*q + 6. What is the units digit of p(i)?
4
Suppose 9 = -b + 15. Suppose 63*w = 66*w - b. Suppose -15 = -w*k + 245. What is the hundreds digit of k?
1
Suppose 7*a - 38 = -12*a. Suppose -803 = -3*g + 2*t, a*g = 4*t + 233 + 313. What is the units digit of g?
5
Suppose -5*y - 3410 + 129980 = 0. What is the ten thousands digit of y?
2
Suppose 5*h = r + 68, 0 = h - 5*r - 2 - 2. Suppose 4 = -b + h. What is the tens digit of (142/b)/(3*(-1)/(-15))?
7
What is the thousands digit of (-12)/(-84) - 508195/(-35)?
4
What is the thousands digit of (-162)/(-45) + (-218588)/(-20)?
0
Let s(a) = -a**3 + 3*a**2 + 6*a - 6. Let i be s(5). Let t = 32 + i. Suppose 0 = 10*b - t*b - 504. What is the tens digit of b?
2
Suppose -23*v + 143053 = 35551. What is the tens digit of v?
7
What is the hundreds digit of ((-1)/(-3) - 342906/3015)/((-6)/380)?
1
Let m(w) = 15*w - w**2 + 39*w**3 + 4*w**2 - 41*w**3 + 22. What is the hundreds digit of m(-6)?
4
What is the tens digit of -4 + 9990 - (740/(-222))/(5/(-3))?
8
Let w be -125*(4 - -6*3/(-9)). Let p = 683 + w. What is the tens digit of p?
3
Let z(u) be the second derivative of -7*u**4/12 + 4*u**3/3 + 4*u**2 - 2*u. Let n be z(-5). What is the tens digit of 4/6*(-6 - n)?
3
Let d = -4175 - -7835. What is the units digit of d?
0
Suppose -1753*l - 3496 = -1755*l. What is the hundreds digit of l?
7
Let v = 645 - 642. Suppose 3*p + 5*g - 1907 - 850 = 0, -3*p + 2751 = v*g. What is the units digit of p?
4
Let y(q) = 13*q + 96. Suppose 3*s - 5*o - 24 = 0, 2*o - 4*o = 0. What is the units digit of y(s)?
0
Suppose 0 = 11*m - 700070 + 346733 - 572445. What is the hundreds digit of m?
1
Let y = 42249 + -28479. What is the tens digit of y?
7
Suppose -51*c - 262 = 1982. What is the units digit of ((-420)/6)/(11/c)?
0
Suppose 930*u - 915*u - 183285 = 0. What is the tens digit of u?
1
Suppose 6*z - 28 = -5*n + 2*z, -2*z + 4 = 0. Let m = 53 - n. What is the tens digit of m?
4
Let k(z) = -z**3 - z**2 + z + 3. Let j be k(0). Suppose o = 5*o + 4*w - 808, 3*w + 636 = j*o. What is the tens digit of o?
0
Suppose 5*o + 3*m = 21, 13*m = 2*o + 15*m - 6. What is the tens digit of 21/6*(0 + 126 + o)?
6
Suppose 260638 + 87830 = 48*k - 449436. What is the tens digit of k?
2
Suppose 14*f - 12*f + 898 = i, 4*i - 3577 = 3*f. Let d = -372 + i. What is the units digit of d?
0
Let h(i) = 2*i**3 + 336*i**2 - 7*i + 992. What is the tens digit of h(-167)?
3
What is the thousands digit of ((-53305)/4)/(-5)*(-3 - (-5 + -2))?
0
Let n(b) = 22*b**2 + 24*b - 48. What is the thousands digit of n(31)?
1
Suppose 0 = -69*r + 46*r + 100073. What is the thousands digit of r?
4
Let q be 0/4*((-45)/6 + 7). Suppose q = 4*t - 7137 + 2693. What is the units digit of t?
1
Let z be (-4)/(-10) - ((-1335)/(-25) + -1). Let i = 108 + z. What is the units digit of i?
6
Suppose 2*t + 4*x = -6, 0*x = -2*t - 3*x - 8. What is the hundreds digit of (716 - -1)*t/(-7) - -5?
7
Suppose 146*m = 148*m - 10, -m = 4*o - 66681. What is the thousands digit of o?
6
Let s = 84 - 84. Suppose -2*w + i + 527 = 3*w, s = 5*w + i - 533. What is the hundreds digit of w?
1
Let m be (-1 + -3)*(0 - 2). Let n be (2 - -1) + -2 - (7 - m). Suppose -88 = u - n*u. What is the units digit of u?
8
Let n(b) = 62*b**2 + 40*b - 428. What is the units digit of n(11)?
4
Let h be (-3 + 162*1)/((-12)/(-16)). Suppose 0 = 14*p - 13*p - h. What is the units digit of p?
2
Let b be -6 + 8 - 12/2. Let d be -3 - (-448 + 6/2 + b). Let i = d + -290. What is the tens digit of i?
5
Suppose 31495 - 3234442 = -235*u + 1893968. What is the thousands digit of u?
1
Let k(x) = -x**2 - 4*x**2 - 27*x**3 - 4 - 3*x - 2*x**2 + 6*x**2. What is the units digit of k(-2)?
4
Suppose 4*g - 8120 = -z, 21*g - 24350 = -3*z + 19*g. What is the hundreds digit of z?
1
Suppose -42*i = 5*x - 46*i - 2311, 5*i + 20 = 0. What is the tens digit of x?
5
Suppose 5*d - 5425 = -3*w, 15*w + 3608 = 17*w - d. Let s = w - 1285. What is the hundreds digit of s?
5
Let v(h) = 107*h - 305. Let x be (-24)/20*7/(49/(-35)). What is the hundreds digit of v(x)?
3
Let u be ((-14)/(-21))/(2/3). What is the hundreds digit of (90 + 3)/((-2)/(-6)*u)?
2
Let s(z) be the third derivative of z**6/120 - 3*z**5/20 + z**4/8 - z**3/2 + 31*z**2. Let n be s(7). What is the units digit of (0 + 724)*(-20)/n?
1
Let i = 10276 - 5015. What is the units digit of i?
1
What is the units digit of 2041710/(-44)*60/(-50)?
3
Let r(b) = -2*b**2 - 12*b - 16. Let j be r(-9). Let q(l) = 17*l + 20. Let u be q(-9). Let f = j - u. What is the tens digit of f?
6
Suppose -14*j = -15*j - 5, 0 = 4*i + 3*j - 5741. What is the tens digit of i?
3
Let v be (-3)/27*2 - 260/(-36). What is the units digit of 2 + (-49)/v + 566?
1
Let b(a) = 3*a - 7. Let u be b(3). Let d = -25 + 135. Suppose -d = u*h - 13*h. What is the units digit of h?
0
What is the ten thousands digit of (2223 + 84/(-18) + 5)*(-1188)/(-60)?
4
Suppose 3*k - 4660 = -5*m, 5*k + 5*m = 3*k + 3115. Suppose 0 = -5*f + 225 + k. What is the tens digit of f?
5
Let o(q) = 1448*q**2 - 34*q + 101. What is the hundreds digit of o(-4)?
4
Suppose 5*h - 6775 = 11810. Suppose 238*v - 247*v = -h. What is the units digit of v?
3
Let d(c) = -5*c + 21. Let x(i) = -3*i + 11. Let r(s) = -6*d(s) + 13*x(s). Let f(o) = -o**2 + 15*o + 26. Let l be f(17). What is the units digit of r(l)?
9
Let s(q) = q**2 + 15*q - 181. Let t be s(8). Suppose -o = -4*h + 4343, 20*h - 15*h - t*o = 5420. What is the units digit of h?
7
Let d = 142 + -137. What is the tens digit of -2 + (32 - (-1 + d))?
2
Let y = 480 + -1062. Let v = y - -1178. What is the tens digit of v?
9
Let x be -1*21/(-14)*(-254)/(-3). Suppose 4*z = -4*d + 3*d - x, -92 = 3*z + 4*d. What is the tens digit of (61/4)/((-8)/z)?
6
Let q(f) = -f**3 - 13*f**2 - 2*f - 25. Let g be q(-13). Suppose -z - 30 = -i, -1 = z + g. Suppose -34*d = -i*d - 792. What is the units digit of d?
2
Suppose 108*d = 6844611 + 1026809 + 50920. What is the tens digit of d?
5
Suppose -3*r + 12831 = -3*s - 10719, -2*s = -3*r + 23546. What is the units digit of r?
6
Suppose w - 10385 + 29261 = 23*w. What is the tens digit of w?
5
Let p be 5 + (-112)/20 + 19914/15. Suppose -1361 - p = -7*l. What is the hundreds digit of l?
3
Let j be 49 - (4 + 3 + -11). Let x(p) = -p**3 + p**2 - p + 5. Let o be x(0). Suppose 2*k - j - 195 = -4*c, -o*c - 3*k + 312 = 0. What is the tens digit of c?
6
Suppose t - 4497 = 3*c + 5107, -2*c = 3*t - 28834. What is the thousands digit of t?
9
Let j = -12238 + 61921. What is the hundreds digit of j?
6
What is the thousands digit of 33786*(6 + 48/(-9))?
2
Let m(s) = -134*s**3 + 2*s**2 + 9*s + 1. Let l be m(-2). Let x = 1867 - l. What is the tens digit of x?
0
Suppose -3*b + 2*w + 26 = b, 0 = -2*b - 3*w + 17. Let m(g) = 31 + 26*g - 30*g + 12*g - 2*g**2 + 4*g - 9. What is the units digit of m(b)?
8
Let v be (10 + -6)/(-1)*-1. Suppose 4*n = 5*f - 3605, -3*f - v*n = 345 - 2540. Wh